 what is -1 - -1103?
1102
In base 15, what is 6 - -1d5?
1db
In base 3, what is -101 - 210002?
-210110
In base 7, what is -126 - 0?
-126
In base 11, what is -113a + -3?
-1142
In base 3, what is 10 + -1200212?
-1200202
In base 10, what is -2 + 33?
31
In base 15, what is -21 - -4?
-1c
In base 3, what is -2 + 110?
101
In base 15, what is -4 - -2d?
29
In base 12, what is 7 - -1a5?
1b0
In base 3, what is 112 - 1002001?
-1001112
In base 11, what is -3 + -562?
-565
In base 4, what is 2 + 11230?
11232
In base 12, what is -1752 - -4?
-174a
In base 4, what is 1232 + 0?
1232
In base 12, what is -8 - 6?
-12
In base 13, what is 11 - 6?
8
In base 14, what is -5 - 17?
-1c
In base 6, what is -4 + 10322?
10314
In base 8, what is 677 - -3?
702
In base 6, what is 4322 + -13?
4305
In base 8, what is -42475 - 4?
-42501
In base 2, what is -100 + 1010000?
1001100
In base 5, what is 122 - -2021?
2143
In base 10, what is 5 - -21?
26
In base 11, what is -49 + a?
-3a
In base 9, what is -18 + 106?
77
In base 14, what is -24 + 162?
13c
In base 3, what is 101 - 1022022?
-1021221
In base 16, what is -a + 10?
6
In base 15, what is 235d + 5?
2363
In base 10, what is -35 + -45?
-80
In base 8, what is -65 - 30?
-115
In base 3, what is -101 + 10222?
10121
In base 7, what is -1213 + -4?
-1220
In base 15, what is 5 - -102?
107
In base 6, what is -2 - 103?
-105
In base 15, what is -de + d?
-d1
In base 4, what is 31 + -113031?
-113000
In base 7, what is -311 - -2?
-306
In base 2, what is -1 - -1000000001?
1000000000
In base 5, what is 3 + -1200?
-1142
In base 3, what is -22001001 - 1?
-22001002
In base 2, what is 101 + 1000?
1101
In base 5, what is -2034 - -100?
-1434
In base 15, what is -750 + 0?
-750
In base 6, what is -2311 + 3?
-2304
In base 16, what is 134 - -3?
137
In base 16, what is -2 - -1a?
18
In base 3, what is 1122 + -101011?
-22112
In base 8, what is 0 + -45?
-45
In base 9, what is 10 - -232?
242
In base 7, what is -20 - -1104?
1054
In base 15, what is -a5 + -22?
-c7
In base 8, what is 111 - 21?
70
In base 16, what is -99 - 3?
-9c
In base 8, what is 0 - 761?
-761
In base 12, what is 33 + -4?
2b
In base 4, what is -302 + 1020?
112
In base 10, what is -769 + -1?
-770
In base 12, what is 4 + -58?
-54
In base 11, what is 27 + 0?
27
In base 10, what is -33 - 228?
-261
In base 11, what is -1 + 151?
150
In base 6, what is 5 + -23010?
-23001
In base 8, what is -475 + 5?
-470
In base 8, what is 61 + -5?
54
In base 5, what is -130023 + 1?
-130022
In base 4, what is -13132 + 112?
-13020
In base 7, what is 101 - -6?
110
In base 6, what is 1000 + 12?
1012
In base 6, what is 12025 - 1?
12024
In base 8, what is -1 + -12?
-13
In base 12, what is 87 - 5?
82
In base 8, what is 42777 + 3?
43002
In base 3, what is -12 + 212?
200
In base 15, what is -31 - -51?
20
In base 14, what is 4 + -42?
-3c
In base 11, what is 6 + 697?
6a2
In base 2, what is 11 - -1010001101100?
1010001101111
In base 6, what is 12 + 23?
35
In base 2, what is 0 - -1110101010?
1110101010
In base 12, what is 1a0 - 0?
1a0
In base 14, what is -1131 - -5?
-112a
In base 4, what is -33 + 0?
-33
In base 15, what is -17 + -4?
-1b
In base 13, what is -35 + 15?
-20
In base 4, what is -10023 + 3?
-10020
In base 2, what is 1100010 + 100100?
10000110
In base 11, what is -322 + 3?
-31a
In base 3, what is 1122 - 10120?
-1221
In base 15, what is -2 + -133?
-135
In base 8, what is -760 + 2?
-756
In base 2, what is 100 - -1100110000?
1100110100
In base 14, what is 155c0 + 4?
155c4
In base 12, what is a6 - a?
98
In base 11, what is 4360 - -5?
4365
In base 14, what is 495 - -2?
497
In base 8, what is -2 + -42?
-44
In base 11, what is -5 + -1a15?
-1a1a
In base 14, what is -16 - 275?
-28b
In base 2, what is -11001101101100 + 100?
-11001101101000
In base 12, what is 5 + -45b?
-456
In base 13, what is 0 + -1c4?
-1c4
In base 7, what is 24020 + -4?
24013
In base 16, what is 1 - -32?
33
In base 16, what is -2c2 + -4?
-2c6
In base 11, what is -6 - -596?
590
In base 8, what is 22 - -37?
61
In base 10, what is -511 + 3?
-508
In base 4, what is 12233 - 31?
12202
In base 8, what is 207 - 1?
206
In base 10, what is -29 - 8?
-37
In base 8, what is -12 + 201?
167
In base 6, what is -444 + 4?
-440
In base 16, what is acb - -2?
acd
In base 9, what is 4 + 32?
36
In base 15, what is 25e - -27?
286
In base 7, what is -14300 + -3?
-14303
In base 5, what is 33 - 121?
-33
In base 6, what is -5 - -24512?
24503
In base 14, what is -3 - -a2?
9d
In base 16, what is -8913 + -4?
-8917
In base 12, what is 1a3 + -4?
19b
In base 9, what is 5 - -116?
122
In base 10, what is -41 - 126?
-167
In base 10, what is -5 + -1037?
-1042
In base 13, what is 1 + 166?
167
In base 11, what is -354 - -29?
-326
In base 2, what is -100100100 - 11?
-100100111
In base 10, what is 0 + -7445?
-7445
In base 12, what is 4 + -254?
-250
In base 8, what is 720 - 30?
670
In base 14, what is 93 - 1?
92
In base 5, what is 3 + 340?
343
In base 6, what is 10024 - -3?
10031
In base 2, what is -1001 + 110?
-11
In base 3, what is 2201 + 2211?
12112
In base 12, what is b4 - 4?
b0
In base 12, what is -47 + -2?
-49
In base 2, what is 11010101 + 10001?
11100110
In base 7, what is -2 - -16411?
16406
In base 7, what is 62452 - -1?
62453
In base 13, what is 103 + -6?
ca
In base 11, what is 3 + -198?
-195
In base 4, what is -201331 - 1?
-201332
In base 4, what is 10 + 113110?
113120
In base 12, what is -52 + -5?
-57
In base 9, what is -4 + 5550?
5545
In base 7, what is -10 - -16?
6
In base 5, what is -4 - -113?
104
In base 6, what is -124 + 31?
-53
In base 4, what is 1110 - 11?
1033
In base 16, what is 80f + 1?
810
In base 12, what is -3 + -22?
-25
In base 16, what is 6 + 5?
b
In base 2, what is 0 - -1001000111?
1001000111
In base 3, what is 10 + 20210210?
20210220
In base 11, what is -47 + 2?
-45
In base 13, what is 47 - 1?
46
In base 3, what is 11 + -101100?
-101012
In base 5, what is -11012 + 2?
-11010
In base 11, what is 4 - -52a?
533
In base 13, what is cc1 + 4?
cc5
In base 4, what is -1 + -1323?
-1330
In base 8, what is -1 - -22?
21
In base 2, what is 1001100 + -1?
1001011
In base 2, what is -101 + -100111110100?
-100111111001
In base 7, what is 3 + 101?
104
In base 9, what is 8257 - -2?
8260
In base 8, what is -4 - 14035?
-14041
In base 4, what is -13231 + 0?
-13231
In base 4, what is 1 - -13113?
13120
In base 3, what is 10 + -12121?
-12111
In base 2, what is 111 + 100101000?
100101111
In base 16, what is -107b + 1?
-107a
In base 13, what is 2 + -2105?
-2103
In base 16, what is 150 - 9?
147
In base 15, what is -32 - -6?
-2b
In base 14, what is 3 - 165?
-162
In base 3, what is 1 + -1100?
-1022
In base 8, what is 650 - -2?
652
In base 3, what is -11 - 221?
-1002
In base 14, what is 2 - -79c?
7a0
In base 7, what is -5 - -113?
105
In base 16, what is 1 + 15?
16
In base 13, what is -12 + -1?
-13
In base 2, what is -100 - -10111?
10011
In base 12, what is 2475 - 2?
2473
In base 13, what is 37 + -6?
31
In base 7, what is -3164 + 1?
-3163
In base 10, what is -8 + 2?
-6
In base 14, what is 4b - -95?
102
In base 11, what is 95 - -8?
a2
In base 12, what is 1752 + -1?
1751
In base 3, what is 0 - 111212?
-111212
In base 14, what is 0 + 3a4?
3a4
In base 3, what is 1112 - 12120?
-11001
In base 8, what is -37 - -10?
-27
In base 14, what is 8 - 212?
-208
In base 7, what is 1 - 12343?
-12342
In base 6, what is 13 + 11?
24
In base 2, what is -100001010 + 1101?
-11111101
In base 6, what is -34 + -14?
-52
In base 15, what is 1 - d?
-c
In base 11, what is 0 - a?
-a
In base 14, what is 321 - -d?
330
In base 10, what is 2 + -33?
-31
In base 11, what is -6 + 621?
616
In base 13, what is -253 + 4?
-24c
In base 7, what is -2 + 0?
-2
In base 4, what is 32 - -102313?
103011
In base 2, what is -11 - -10111010?
10110111
In base 4, what is 31 - 23?
2
In base 3, what is 11 - 1200?
-1112
In base 12, what is -3 + -133?
-136
In base 7, what is 30 - -13?
43
In base 5, what is -10 - -4242?
4232
In base 12, what is 10 - -379?
389
In base 7, what is 0 + 626?
626
In base 14, what is -c - 19?
-27
In base 11, what is -1a6 - 16?
-211
In base 10, what is 164 + 117?
281
In base 2, what is -10 - 100010?
-100100
In base 7, what is -31 + 44?
13
In base 2, what is 1001 - 1101?
-100
In base 11, what is 71 + 3?
74
In base 3, what is 112102 - 1?
112101
In